{"id":4227,"date":"2025-09-05T19:21:44","date_gmt":"2025-09-05T17:21:44","guid":{"rendered":"https:\/\/www.amalurreko.com\/actividad\/el-dia-del-cable-de-araitz\/"},"modified":"2025-09-05T19:21:44","modified_gmt":"2025-09-05T17:21:44","slug":"el-dia-del-cable-de-araitz","status":"publish","type":"tribe_events","link":"https:\/\/www.amalurreko.com\/en\/actividad\/el-dia-del-cable-de-araitz\/","title":{"rendered":"El dia del cable de Araitz"},"content":{"rendered":"<p>Este dia se ense\u00f1a como se bajaban los fardos de hierba de los montes del valle de Araitz y despu\u00e9s del espect\u00e1culo podr\u00e9is degustar una comida digna de cualquier pastor con productos del valle que consistir\u00e1 en una ensalada con frutos de temporada, calderete de cordero y cuajada de oveja todo acompa\u00f1ado del pan artesanal de lezaeta.<\/p>\n<p><img loading=\"lazy\" decoding=\"async\" class=\"aligncenter size-full wp-image-4221\" src=\"https:\/\/www.amalurreko.com\/wp-content\/uploads\/kartela-2025-cmyk-whatsapp.jpg\" alt=\"\" width=\"601\" height=\"850\" srcset=\"https:\/\/www.amalurreko.com\/wp-content\/uploads\/kartela-2025-cmyk-whatsapp.jpg 601w, https:\/\/www.amalurreko.com\/wp-content\/uploads\/kartela-2025-cmyk-whatsapp-480x679.jpg 480w\" sizes=\"(min-width: 0px) and (max-width: 480px) 480px, (min-width: 481px) 601px, 100vw\" \/><\/p>\n","protected":false},"excerpt":{"rendered":"<p>Este dia se ense\u00f1a como se bajaban los fardos de hierba de los montes del valle de Araitz y despu\u00e9s del espect\u00e1culo podr\u00e9is degustar una comida digna de cualquier pastor [&hellip;]<\/p>\n","protected":false},"author":2,"featured_media":0,"template":"","meta":{"_et_pb_use_builder":"","_et_pb_old_content":"","_et_gb_content_width":"","_tribe_events_status":"","_tribe_events_status_reason":"","_joinchat":[],"footnotes":""},"tags":[],"tribe_events_cat":[117],"class_list":["post-4227","tribe_events","type-tribe_events","status-publish","hentry","tribe_events_cat-meals","cat_meals"],"_links":{"self":[{"href":"https:\/\/www.amalurreko.com\/en\/wp-json\/wp\/v2\/tribe_events\/4227","targetHints":{"allow":["GET"]}}],"collection":[{"href":"https:\/\/www.amalurreko.com\/en\/wp-json\/wp\/v2\/tribe_events"}],"about":[{"href":"https:\/\/www.amalurreko.com\/en\/wp-json\/wp\/v2\/types\/tribe_events"}],"author":[{"embeddable":true,"href":"https:\/\/www.amalurreko.com\/en\/wp-json\/wp\/v2\/users\/2"}],"version-history":[{"count":0,"href":"https:\/\/www.amalurreko.com\/en\/wp-json\/wp\/v2\/tribe_events\/4227\/revisions"}],"wp:attachment":[{"href":"https:\/\/www.amalurreko.com\/en\/wp-json\/wp\/v2\/media?parent=4227"}],"wp:term":[{"taxonomy":"post_tag","embeddable":true,"href":"https:\/\/www.amalurreko.com\/en\/wp-json\/wp\/v2\/tags?post=4227"},{"taxonomy":"tribe_events_cat","embeddable":true,"href":"https:\/\/www.amalurreko.com\/en\/wp-json\/wp\/v2\/tribe_events_cat?post=4227"}],"curies":[{"name":"wp","href":"https:\/\/api.w.org\/{rel}","templated":true}]}}

<p>Este dia se enseña como se bajaban los fardos de hierba de los montes del valle de Araitz y después del espectáculo podréis degustar una comida digna de cualquier pastor con productos del valle que consistirá en una ensalada con frutos de temporada, calderete de cordero y cuajada de oveja todo acompañado del pan artesanal de lezaeta.</p>
<p><img loading="lazy" decoding="async" class="aligncenter size-full wp-image-4221" src="https://www.amalurreko.com/wp-content/uploads/kartela-2025-cmyk-whatsapp.jpg" alt="" width="601" height="850" srcset="https://www.amalurreko.com/wp-content/uploads/kartela-2025-cmyk-whatsapp.jpg 601w, https://www.amalurreko.com/wp-content/uploads/kartela-2025-cmyk-whatsapp-480x679.jpg 480w" sizes="(min-width: 0px) and (max-width: 480px) 480px, (min-width: 481px) 601px, 100vw" /></p>

<p>Este dia se enseña como se bajaban los fardos de hierba de los montes del valle de Araitz y después del espectáculo podréis degustar una comida digna de cualquier pastor [&hellip;]</p>
